. Suppose 11*t - 32*t = -189. What is the remainder when t is divided by r?
0
Let m = -38 + 205. What is the remainder when 644 is divided by m?
143
Let g = 419 + -403. Suppose -358 = -g*x + 154. What is the remainder when 126 is divided by x?
30
Let r(h) = -79*h + 928. What is the remainder when 350 is divided by r(11)?
55
Suppose -5*w + 2*i - 100 = 6*i, -4*i - 20 = 0. Let o = -5 - w. Suppose -3*n - 6 = 19*r - 17*r, -4*r - 2*n = -4. Calculate the remainder when o is divided by r.
2
Suppose 5*x - 509 = -484, 3*x = 4*m - 1937. What is the remainder when m is divided by 119?
12
Suppose -4*h + 640 = 2*x, 5 = -5*x + 25. What is the remainder when h is divided by 75?
8
Suppose 0 = c + 4, -114*b + c = -111*b - 121. What is the remainder when 893 is divided by b?
35
Let a = 24 + -3. Suppose 2*w - p = w + 182, -4*p = 3*w - 518. Let u = w - 175. Calculate the remainder when a is divided by u.
0
Let t(o) = 23*o + 1314. What is the remainder when t(-26) is divided by 712?
4
Suppose n = -0*n + q + 149, -149 = -n - 5*q. What is the remainder when 438 is divided by n?
140
Calculate the remainder when (0 - -41)*(0 + 1) is divided by (-3)/34 + (-643302)/(-42636).
11
Let z = 480 - 476. Suppose 9*q = -z*d + 12*q + 43, 45 = 3*d + 2*q. Calculate the remainder when 33 is divided by d.
7
Suppose -v = -g - 5, 2*g + 3*v = 11 - 6. Calculate the remainder when (1/1*g)/(18/(-3141)) is divided by 25.
24
Suppose -3*l + 4 = -2. What is the remainder when 2 - (-4 + 8) - -9 is divided by l/7 + (-24)/(-14)?
1
Let s be (0 - (0 - -2) - -1)*-2. Suppose -s*d = 7*d - 27. Suppose -7*v + 65 = -2*v. What is the remainder when v is divided by d?
1
Suppose -755 = -4*m - 2*b + 2057, 0 = -4*m - 4*b + 2812. Calculate the remainder when m is divided by 143.
131
Let b(s) = 4*s**2 + 4*s + 3. Suppose 93 = -x + 109. Let v be (1/(-3))/(x/288). Calculate the remainder when b(v) is divided by 25.
23
Suppose l + 2*s = -6, s + 1 = -3. Suppose 2*u - 3*u + 209 = 4*v, 5*u - 1045 = -l*v. Calculate the remainder when u is divided by 95.
19
Let p be (-1*(-6)/(-8))/(30/(-80)). Calculate the remainder when (-451)/55*p*1*-5 is divided by 42.
40
Let s(v) = -v**3 - 65*v**2 + 79*v + 891. What is the remainder when 2372 is divided by s(-66)?
29
Let s(w) = -90*w + 3308. Calculate the remainder when s(30) is divided by 17.
13
Suppose 4*c - 2*d - 942 = 0, -d + 0*d = -4*c + 941. Suppose 1031 = 2*r - c. Calculate the remainder when r is divided by 53.
50
What is the remainder when 69/6*(48 - 12) is divided by 126?
36
Calculate the remainder when -100*(((-145)/(-40))/(-1) + 2/16) is divided by 130.
90
Suppose 0 = 11*k + 794 - 2334. Suppose 5*h - k = -9*h. Let c = 16 + 5. What is the remainder when c is divided by h?
1
Suppose -12*q = -17*q + 210. Let u = q - 36. Calculate the remainder when 26 is divided by 11 + 0 - 6/u.
6
Let n(h) = -h. Let b be n(6). Calculate the remainder when b*(4 + 50/(-4)) is divided by (741/114)/(1/4).
25
Let j = -1835 - -5490. Suppose 41*r + 2*r = j. Calculate the remainder when 248 is divided by r.
78
Let v be 4/(-18) - 880/(-72). Suppose v*j = 38 + 22. What is the remainder when 25*(28/20 + -1) is divided by j?
0
Suppose 183 = k - 5*u - 118, -5*k + 1390 = -2*u. Let n = k + -231. Calculate the remainder when n is divided by 35.
10
Let t(g) = 5*g**2 - g. Suppose 3*v - 91 = -5*z, -2*v + 996 - 933 = z. Calculate the remainder when t(-4) is divided by v.
20
Let d be ((-1 + 1)/(-4))/2. Suppose -3*l = -3*h, 4*h = 5*l - 1 - d. Suppose -2*z + l = 5*p, 2*z - 2*p - 11 = -z. What is the remainder when 12 is divided by z?
0
Let v = -38 - -67. Let t be 13/(195/(-6))*40. Let u = t + v. What is the remainder when 50 is divided by u?
11
Suppose 26*j = 151*j - 19375. Let t(i) be the first derivative of -i**4/4 - 5*i**3/3 - 5*i**2/2 + i - 5. Calculate the remainder when j is divided by t(-5).
25
Suppose -14 = -5*y + 126. Suppose -216 = -3*r + 71*w - 68*w, -5*w - 198 = -3*r. What is the remainder when r is divided by y?
25
Suppose 2*v + b - 10 = 15, v = -2*b + 14. Let l = 90 - 21. Let w = l + -39. What is the remainder when w is divided by v?
6
Let g = 4 - -13. Let h be 2/(-3) + (5 - 5844/(-18)). Suppose -h = -11*i + 4*i. Calculate the remainder when i is divided by g.
13
Let d(s) = 433*s**2 - 41*s + 95. What is the remainder when d(8) is divided by 30?
29
Suppose 661 + 244 = 89*u - 74. Suppose -4*v - v + 575 = 0. Let k = v + u. What is the remainder when k is divided by 32?
30
Suppose g + 5*t = 2202, -2*g + 4281 = -3*t - 149. Calculate the remainder when g is divided by 733.
13
Suppose -p + 57 = 2*s, 45 = 3*s - p - 38. Suppose 240 = s*f - 22*f. What is the remainder when 105 is divided by f?
25
Let o be (-2)/(9/(18/(-4)))*7. Suppose 0 = -o*a - 8*a + 465. Let h(t) = t + 153. What is the remainder when h(0) is divided by a?
29
Let d = 1311 + -1298. Calculate the remainder when 579 is divided by d.
7
Let o(m) = -m**2 - 11*m - 28. Let y be o(-7). Suppose 5*a + 65 = 3*v, y = 4*a - 3*a - 5. What is the remainder when 206 is divided by v?
26
Suppose 493 = 45*x - 317. Let k(o) = 5*o**2 + 2*o - 1. Let r be k(2). Suppose -17*b = -x*b + r. What is the remainder when b is divided by 6?
5
Calculate the remainder when 4/6 + -1 + (-486574)/(-561) is divided by 13.
9
Suppose 253*i - 17789 = 305545. What is the remainder when i is divided by 33?
24
Let m(g) = g**2 + 4*g + 6. Let c be m(-3). Suppose 325 = -c*f + 16*f. Calculate the remainder when f is divided by 12.
1
Let s(q) = 90*q**3 + q**2 - 10*q + 10. What is the remainder when 253 is divided by s(1)?
71
Let r be 14/84 - 742/(-12). Let v = 252 - 136. Calculate the remainder when v is divided by r/3 + ((-88)/12)/11.
16
Suppose 4*r = 5*m - 43 - 174, 37 = m - 4*r. Calculate the remainder when 203 is divided by m.
23
Let q be (-6)/2 + 10 + -5. Suppose -2*p = -5*i + 2*p - 48, 0 = -4*i - q*p - 28. Calculate the remainder when i/(-12) - 381/(-9) is divided by 9.
7
Suppose -32*q = -30*q + 120. Let t = q - -65. What is the remainder when (-135)/(-4) + 1/4 is divided by t?
4
Suppose -6*v + 4306 = -2919 + 2215. Calculate the remainder when 2517 is divided by v.
12
Let x(t) = -49*t + 7. Let z be x(-6). Let v = -203 + z. Let d(g) = -8*g + 33. Calculate the remainder when v is divided by d(0).
32
Suppose -8*x + 940 = 5*d + 25, -5*d - 2*x + 915 = 0. Suppose -2*s + 3*s - 17 = 0. What is the remainder when d is divided by s?
13
Suppose 3*y + b + 63 - 561 = 0, -3*b = 5*y - 826. What is the remainder when y is divided by 74?
19
Let u(x) = -x**3 - 35*x**2 + 19*x - 80. Suppose 22*t - 38*t = 576. What is the remainder when u(t) is divided by 89?
87
Suppose s - 18*s + 1819 = 0. Calculate the remainder when 1387 is divided by s.
103
Let o be ((-912)/(-18) + 6)/((-2)/(-3)). Suppose o = -5*h + 145. Calculate the remainder when 43 is divided by h.
7
Suppose 10692 = 3*n + 30*n. Suppose -n = -4*q - r - r, 5*r = 3*q - 230. What is the remainder when 397 is divided by q?
77
Suppose 10 + 0 = 5*o. Let q = o + 45. Calculate the remainder when (13 - (-1524)/(-108) - (-266)/(-441))/((-2)/273) is divided by q.
46
Let h(u) = -u**2 - 3*u + 4. Let i be h(-3). Let a(j) = -2 - 4 + 17*j + 0 + i. What is the remainder when 44 is divided by a(1)?
14
Calculate the remainder when ((1408/(-6))/(-4))/((-36)/(-108)) is divided by 36.
32
Let l(k) = 130*k**2 - 383*k + 2678. What is the remainder when l(7) is divided by 65?
62
Let o(q) = -4*q + 3*q + 85*q**2 + 6 + 0*q - 5. Calculate the remainder when o(1) is divided by 11.
8
Suppose -7133*l + 7139*l - 240 = 0. What is the remainder when 1667 is divided by l?
27
Suppose -3*s + 5*c = -437, 3*c + 538 = 3*s + 91. Calculate the remainder when s is divided by 3/(-15) + (7644/(-1040))/((-6)/32).
37
Let t(o) = o**2 - 17*o - 5. Suppose -100 = -3*a + 23*a. What is the remainder when t(a) is divided by 22?
17
Let s = 552 + -465. What is the remainder when s is divided by (-3 + 9)/((-4)/(-10))?
12
Suppose 4*t = 59 + 137. Suppose -4*o = -d + 25, 78 - 16 = 5*d + o. Calculate the remainder when t is divided by d.
10
Let g(b) = -b**2 + 21*b - 107. Let f be g(12). Suppose -392 = -2*y + 2*d, 2*d - f = -7. What is the remainder when y is divided by 66?
61
Let c = -901 + 1291. Let r = -123 + c. What is the remainder when r is divided by 5?
2
Let n = -4168 - -4184. What is the remainder 